{"id":1314,"date":"2009-12-07T17:34:19","date_gmt":"2009-12-07T15:34:19","guid":{"rendered":"http:\/\/www.ofze.hu\/w\/?page_id=1314"},"modified":"2025-03-17T15:36:03","modified_gmt":"2025-03-17T14:36:03","slug":"nyilatkozat-az-szja-1-os-felajanlasokrol","status":"publish","type":"page","link":"https:\/\/www.ofze.hu\/w\/nyilatkozat-az-szja-1-os-felajanlasokrol\/","title":{"rendered":"Nyilatkozat az SZJA 1%-os felaj\u00e1nl\u00e1sokr\u00f3l"},"content":{"rendered":"<p class=\"MsoNormal\">Az Orosh\u00e1zi F\u00fav\u00f3szenekari Egyes\u00fclet k\u00f6sz\u00f6netet mond mindazoknak, akik felaj\u00e1nlott\u00e1k ad\u00f3juk 1%-\u00e1t.<\/p>\n<p class=\"MsoNormal\">A 2024. \u00e9vben befolyt <strong>490.266&nbsp;Ft<\/strong>-ot kottav\u00e1s\u00e1rl\u00e1sra, valamint hangszerjav\u00edt\u00e1sra ford\u00edtotta az egyes\u00fclet.&nbsp;<\/p>\n<h2>Hogyan aj\u00e1nlhatja fel ad\u00f3ja 1%-\u00e1t?<\/h2>\n<p><strong>\u00dcgyf\u00e9lkapun kereszt\u00fcl:<\/strong><\/p>\n<ol>\n<li><a href=\"https:\/\/eszja.nav.gov.hu\/app\/login\/#login\" target=\"_blank\" rel=\"noopener\">Kattintson ide.<\/a> Eljut az eSZJA oldal\u00e1ra, ott klikkeljen a Bel\u00e9p\u00e9s gombra<\/li>\n<li>l\u00e9pjen be az \u00dcgyf\u00e9lkapu+ vagy a <a href=\"https:\/\/dap.gov.hu\/\" target=\"_blank\" rel=\"noopener\">D\u00c1P alkalmaz\u00e1s<\/a> seg\u00edts\u00e9g\u00e9vel<\/li>\n<li>kattintson az 1+1%-os nyilatkozat r\u00e9szhez<\/li>\n<li>a list\u00e1b\u00f3l keresse ki ad\u00f3sz\u00e1munkat (<strong>19057952-1-04) <\/strong>vagy az <strong>Orosh\u00e1zi F\u00fav\u00f3szenekari Egyes\u00fcletet<\/strong><\/li>\n<li>v\u00e1lassza ki, k\u00fcldje el. K\u00e9sz.<\/li>\n<\/ol>\n<p><strong>K\u00f6nyvel\u0151vel<\/strong><\/p>\n<ol>\n<li>M\u00e1solja le az ad\u00f3sz\u00e1munkat: <strong>19057952-1-04<\/strong><\/li>\n<li>K\u00fcldje el vagy dikt\u00e1lja be k\u00f6nyvel\u0151j\u00e9nek \u00e9s k\u00e9rje meg, hogy int\u00e9zze. K\u00e9sz.<\/li>\n<\/ol>\n<p class=\"MsoNormal\">A f\u00fav\u00f3szenekar k\u00f6sz\u00f6nettel veszi a tov\u00e1bbi felaj\u00e1nl\u00e1sokat is.<\/p>\n<p><iframe loading=\"lazy\" style=\"border: none; overflow: hidden;\" src=\"https:\/\/www.facebook.com\/plugins\/video.php?height=314&amp;href=https%3A%2F%2Fwww.facebook.com%2Ffuvoszenekar%2Fvideos%2F605238571111227%2F&amp;show_text=true&amp;width=560&amp;t=0\" width=\"560\" height=\"429\" frameborder=\"0\" scrolling=\"no\" allowfullscreen=\"allowfullscreen\"><\/iframe><\/p>\n\n\n<figure class=\"wp-block-image size-large\"><a href=\"https:\/\/www.ofze.hu\/w\/wp-content\/uploads\/2025\/03\/ofze-1x1-ado-01.png\"><img loading=\"lazy\" decoding=\"async\" width=\"1024\" height=\"1024\" src=\"https:\/\/www.ofze.hu\/w\/wp-content\/uploads\/2025\/03\/ofze-1x1-ado-01-1024x1024.png\" alt=\"\" class=\"wp-image-3807\" srcset=\"https:\/\/www.ofze.hu\/w\/wp-content\/uploads\/2025\/03\/ofze-1x1-ado-01-1024x1024.png 1024w, https:\/\/www.ofze.hu\/w\/wp-content\/uploads\/2025\/03\/ofze-1x1-ado-01-300x300.png 300w, https:\/\/www.ofze.hu\/w\/wp-content\/uploads\/2025\/03\/ofze-1x1-ado-01-150x150.png 150w, https:\/\/www.ofze.hu\/w\/wp-content\/uploads\/2025\/03\/ofze-1x1-ado-01-768x768.png 768w, https:\/\/www.ofze.hu\/w\/wp-content\/uploads\/2025\/03\/ofze-1x1-ado-01-560x560.png 560w, https:\/\/www.ofze.hu\/w\/wp-content\/uploads\/2025\/03\/ofze-1x1-ado-01.png 1080w\" sizes=\"(max-width: 1024px) 100vw, 1024px\" \/><\/a><\/figure>\n","protected":false},"excerpt":{"rendered":"<p>Az Orosh\u00e1zi F\u00fav\u00f3szenekari Egyes\u00fclet k\u00f6sz\u00f6netet mond mindazoknak, akik felaj\u00e1nlott\u00e1k ad\u00f3juk 1%-\u00e1t. A 2024. \u00e9vben befolyt 490.266&nbsp;Ft-ot kottav\u00e1s\u00e1rl\u00e1sra, valamint hangszerjav\u00edt\u00e1sra ford\u00edtotta az egyes\u00fclet.&nbsp; Hogyan aj\u00e1nlhatja fel ad\u00f3ja 1%-\u00e1t? \u00dcgyf\u00e9lkapun kereszt\u00fcl: Kattintson ide. Eljut az eSZJA oldal\u00e1ra, ott klikkeljen a Bel\u00e9p\u00e9s gombra l\u00e9pjen be az \u00dcgyf\u00e9lkapu+ vagy a D\u00c1P alkalmaz\u00e1s seg\u00edts\u00e9g\u00e9vel kattintson az 1+1%-os nyilatkozat r\u00e9szhez a list\u00e1b\u00f3l keresse ki ad\u00f3sz\u00e1munkat (19057952-1-04) vagy az Orosh\u00e1zi F\u00fav\u00f3szenekari Egyes\u00fcletet v\u00e1lassza ki, k\u00fcldje el. K\u00e9sz. K\u00f6nyvel\u0151vel M\u00e1solja le az ad\u00f3sz\u00e1munkat: 19057952-1-04 K\u00fcldje el vagy dikt\u00e1lja be k\u00f6nyvel\u0151j\u00e9nek \u00e9s k\u00e9rje meg, hogy int\u00e9zze. K\u00e9sz. A f\u00fav\u00f3szenekar k\u00f6sz\u00f6nettel veszi a tov\u00e1bbi felaj\u00e1nl\u00e1sokat is.<\/p>\n","protected":false},"author":1,"featured_media":0,"parent":0,"menu_order":0,"comment_status":"closed","ping_status":"closed","template":"","meta":{"ngg_post_thumbnail":0,"footnotes":""},"_links":{"self":[{"href":"https:\/\/www.ofze.hu\/w\/wp-json\/wp\/v2\/pages\/1314"}],"collection":[{"href":"https:\/\/www.ofze.hu\/w\/wp-json\/wp\/v2\/pages"}],"about":[{"href":"https:\/\/www.ofze.hu\/w\/wp-json\/wp\/v2\/types\/page"}],"author":[{"embeddable":true,"href":"https:\/\/www.ofze.hu\/w\/wp-json\/wp\/v2\/users\/1"}],"replies":[{"embeddable":true,"href":"https:\/\/www.ofze.hu\/w\/wp-json\/wp\/v2\/comments?post=1314"}],"version-history":[{"count":16,"href":"https:\/\/www.ofze.hu\/w\/wp-json\/wp\/v2\/pages\/1314\/revisions"}],"predecessor-version":[{"id":3811,"href":"https:\/\/www.ofze.hu\/w\/wp-json\/wp\/v2\/pages\/1314\/revisions\/3811"}],"wp:attachment":[{"href":"https:\/\/www.ofze.hu\/w\/wp-json\/wp\/v2\/media?parent=1314"}],"curies":[{"name":"wp","href":"https:\/\/api.w.org\/{rel}","templated":true}]}}