{"id":80,"date":"2009-05-22T21:39:34","date_gmt":"2009-05-22T19:39:34","guid":{"rendered":"http:\/\/www.ofze.hu\/w\/?page_id=80"},"modified":"2017-07-17T23:10:32","modified_gmt":"2017-07-17T21:10:32","slug":"zenek-videok","status":"publish","type":"page","link":"https:\/\/www.ofze.hu\/w\/zenek-videok\/","title":{"rendered":"YouTube"},"content":{"rendered":"<p>Vide\u00f3ink turn\u00e9kr\u00f3l, koncertekr\u0151l, besz\u00e9lget\u00e9sekr\u0151l \u00e9s minden egy\u00e9br\u0151l&#8230;<\/p>\n<p>Ha megtetszettek az aj\u00e1nlott vide\u00f3k, <a href=\"http:\/\/www.youtube.com\/ofzeoh\" target=\"_blank\" rel=\"noopener\">ide kattintva<\/a> el\u00e9rhet\u0151 a hivatalos YouTube csatorn\u00e1nk.<\/p>\n<p><iframe loading=\"lazy\" title=\"Andrew lloyd Webber: Az Operah\u00e1z Fantomja - r\u00e9szlet (Orosh\u00e1zi F\u00fav\u00f3szenekar)\" width=\"500\" height=\"281\" src=\"https:\/\/www.youtube.com\/embed\/eoZGkzqvJXU?feature=oembed\" frameborder=\"0\" allow=\"accelerometer; autoplay; clipboard-write; encrypted-media; gyroscope; picture-in-picture; web-share\" referrerpolicy=\"strict-origin-when-cross-origin\" allowfullscreen><\/iframe><\/p>\n<p><iframe loading=\"lazy\" title=\"Ted Huggens: Adagietto for Flute (Orosh\u00e1zi F\u00fav\u00f3szenekar)\" width=\"500\" height=\"281\" src=\"https:\/\/www.youtube.com\/embed\/Ucw9w1KAxWg?feature=oembed\" frameborder=\"0\" allow=\"accelerometer; autoplay; clipboard-write; encrypted-media; gyroscope; picture-in-picture; web-share\" referrerpolicy=\"strict-origin-when-cross-origin\" allowfullscreen><\/iframe><\/p>\n<p><iframe loading=\"lazy\" title=\"Williy Hautvast: Grease - r\u00e9szlet (Orosh\u00e1zi F\u00fav\u00f3szenekar)\" width=\"500\" height=\"281\" src=\"https:\/\/www.youtube.com\/embed\/Wrl8iWSHuvo?feature=oembed\" frameborder=\"0\" allow=\"accelerometer; autoplay; clipboard-write; encrypted-media; gyroscope; picture-in-picture; web-share\" referrerpolicy=\"strict-origin-when-cross-origin\" allowfullscreen><\/iframe><\/p>\n<p>&nbsp;<\/p>\n","protected":false},"excerpt":{"rendered":"<p>Vide\u00f3ink turn\u00e9kr\u00f3l, koncertekr\u0151l, besz\u00e9lget\u00e9sekr\u0151l \u00e9s minden egy\u00e9br\u0151l&#8230; Ha megtetszettek az aj\u00e1nlott vide\u00f3k, ide kattintva el\u00e9rhet\u0151 a hivatalos YouTube csatorn\u00e1nk. &nbsp;<\/p>\n","protected":false},"author":7,"featured_media":0,"parent":0,"menu_order":0,"comment_status":"closed","ping_status":"closed","template":"","meta":{"ngg_post_thumbnail":0,"footnotes":""},"_links":{"self":[{"href":"https:\/\/www.ofze.hu\/w\/wp-json\/wp\/v2\/pages\/80"}],"collection":[{"href":"https:\/\/www.ofze.hu\/w\/wp-json\/wp\/v2\/pages"}],"about":[{"href":"https:\/\/www.ofze.hu\/w\/wp-json\/wp\/v2\/types\/page"}],"author":[{"embeddable":true,"href":"https:\/\/www.ofze.hu\/w\/wp-json\/wp\/v2\/users\/7"}],"replies":[{"embeddable":true,"href":"https:\/\/www.ofze.hu\/w\/wp-json\/wp\/v2\/comments?post=80"}],"version-history":[{"count":27,"href":"https:\/\/www.ofze.hu\/w\/wp-json\/wp\/v2\/pages\/80\/revisions"}],"predecessor-version":[{"id":2677,"href":"https:\/\/www.ofze.hu\/w\/wp-json\/wp\/v2\/pages\/80\/revisions\/2677"}],"wp:attachment":[{"href":"https:\/\/www.ofze.hu\/w\/wp-json\/wp\/v2\/media?parent=80"}],"curies":[{"name":"wp","href":"https:\/\/api.w.org\/{rel}","templated":true}]}}