{"id":82,"date":"2009-05-22T21:39:59","date_gmt":"2009-05-22T19:39:59","guid":{"rendered":"http:\/\/www.ofze.hu\/w\/?page_id=82"},"modified":"2023-06-15T16:02:04","modified_gmt":"2023-06-15T14:02:04","slug":"kapcsolat","status":"publish","type":"page","link":"https:\/\/www.ofze.hu\/w\/kapcsolat\/","title":{"rendered":"kapcsolat"},"content":{"rendered":"<p style=\"text-align: center;\"><strong>Orosh\u00e1zi F\u00fav\u00f3szenekari Egyes\u00fclet<br \/>\n5900 Orosh\u00e1za, Vasv\u00e1ri P\u00e1l utca 18.<br \/>\n<\/strong><strong><a href=\"http:\/\/www.ofze.hu\" target=\"_blank\" rel=\"noopener noreferrer\">www.ofze.hu<\/a><br \/>\n<a href=\"mailto:info@ofze.hu\" target=\"_blank\" rel=\"noopener noreferrer\">info@ofze.hu<br \/>\n<\/a><\/strong><\/p>\n<p style=\"text-align: center;\"><strong>Egyes\u00fclet\u00fcnk banksz\u00e1mlasz\u00e1ma:<\/strong><br \/>\nMBH Bank orosh\u00e1zi fi\u00f3kja:<br \/>\n10101102-58257900-01000005<\/p>\n<p style=\"text-align: center;\"><strong>Ad\u00f3sz\u00e1m:<\/strong><br \/>\n19057952-1-04<\/p>\n<p style=\"text-align: center;\"><strong>Egyes\u00fcleti eln\u00f6k:<\/strong><br \/>\nKov\u00e1cs P\u00e9ter D\u00e1vid<br \/>\n<a href=\"mailto:pkovacs197@gmail.com\" target=\"_blank\" rel=\"noopener noreferrer\">pkovacs197@gmail.com<\/a><br \/>\n+36\/20 922-6719<\/p>\n<p style=\"text-align: center;\"><strong> Karmester:<\/strong><br \/>\nDebreczeni M\u00e1rk<br \/>\n<a href=\"mailto:napsih@gmail.com\">napsih@gmail.com<\/a><br \/>\n+36 30 903 6534<\/p>\n<p style=\"text-align: center;\"><strong>Egyes\u00fcleti aleln\u00f6k &#8211; sajt\u00f3kapcsolat:<\/strong><br \/>\nMelega Kriszti\u00e1n<br \/>\n<a href=\"mailto:info@ofze.hu\" target=\"_blank\" rel=\"noopener noreferrer\">info@ofze.hu<\/a><br \/>\n+36\/20 313-1105<\/p>\n","protected":false},"excerpt":{"rendered":"<p>Orosh\u00e1zi F\u00fav\u00f3szenekari Egyes\u00fclet 5900 Orosh\u00e1za, Vasv\u00e1ri P\u00e1l utca 18. www.ofze.hu info@ofze.hu Egyes\u00fclet\u00fcnk banksz\u00e1mlasz\u00e1ma: MBH Bank orosh\u00e1zi fi\u00f3kja: 10101102-58257900-01000005 Ad\u00f3sz\u00e1m: 19057952-1-04 Egyes\u00fcleti eln\u00f6k: Kov\u00e1cs P\u00e9ter D\u00e1vid pkovacs197@gmail.com +36\/20 922-6719 Karmester: Debreczeni M\u00e1rk napsih@gmail.com +36 30 903 6534 Egyes\u00fcleti aleln\u00f6k &#8211; sajt\u00f3kapcsolat: Melega Kriszti\u00e1n info@ofze.hu +36\/20 313-1105<\/p>\n","protected":false},"author":7,"featured_media":3121,"parent":0,"menu_order":0,"comment_status":"closed","ping_status":"closed","template":"","meta":{"ngg_post_thumbnail":0,"footnotes":""},"_links":{"self":[{"href":"https:\/\/www.ofze.hu\/w\/wp-json\/wp\/v2\/pages\/82"}],"collection":[{"href":"https:\/\/www.ofze.hu\/w\/wp-json\/wp\/v2\/pages"}],"about":[{"href":"https:\/\/www.ofze.hu\/w\/wp-json\/wp\/v2\/types\/page"}],"author":[{"embeddable":true,"href":"https:\/\/www.ofze.hu\/w\/wp-json\/wp\/v2\/users\/7"}],"replies":[{"embeddable":true,"href":"https:\/\/www.ofze.hu\/w\/wp-json\/wp\/v2\/comments?post=82"}],"version-history":[{"count":36,"href":"https:\/\/www.ofze.hu\/w\/wp-json\/wp\/v2\/pages\/82\/revisions"}],"predecessor-version":[{"id":3517,"href":"https:\/\/www.ofze.hu\/w\/wp-json\/wp\/v2\/pages\/82\/revisions\/3517"}],"wp:featuredmedia":[{"embeddable":true,"href":"https:\/\/www.ofze.hu\/w\/wp-json\/wp\/v2\/media\/3121"}],"wp:attachment":[{"href":"https:\/\/www.ofze.hu\/w\/wp-json\/wp\/v2\/media?parent=82"}],"curies":[{"name":"wp","href":"https:\/\/api.w.org\/{rel}","templated":true}]}}